at is the units digit of u?
4
Let s be 1/2 + (-39)/2 - -3. What is the tens digit of (-8)/2*(-2)/s*-122?
6
Let u(g) = g - 8. Let a(c) = -c**2 - 8*c - 5. Let j be a(-5). Let l be u(j). Suppose 4*q - 130 = p, l*q - 2*p - 62 = -0*q. What is the tens digit of q?
3
Let n(j) = j**3 + j + 2. Suppose -5*l = -l. Let w be n(l). Suppose w*h = -h + 24. What is the units digit of h?
8
Let g = -34 - -24. Let l = g + 11. What is the units digit of (3/(-5))/(l/(-5))?
3
Let t(y) = -9*y - 1. Let a be t(-2). Let z = -98 + 96. Let p = z + a. What is the units digit of p?
5
Suppose -3*b - 3*c + 819 = 0, 5*b - 345 = c + 996. What is the tens digit of b?
6
Let g = -76 - -10. Let w be 8/2*g/(-8). Suppose 5*f = w + 87. What is the tens digit of f?
2
Let f be (-26)/(-4) - (-2)/4. Let z(u) = -u + 23. Let c be z(11). Suppose -f*k + c*k - 135 = 0. What is the units digit of k?
7
Let b = -116 + 115. What is the tens digit of ((-912)/(-51) - b) + 6/51?
1
Let p = -2101 - -4133. What is the units digit of p?
2
Suppose 111 = -2*j - h + 1026, 1375 = 3*j - h. What is the tens digit of j?
5
Let o be (12/(-21))/((-16)/2408). Let t = o - 26. What is the units digit of t?
0
Let k be 11/(-22) + (-1226)/(-4). Suppose -k = 9*y - 2295. What is the tens digit of y?
2
Suppose 0*h + 5*h + 5 = 0. Let v(o) = 65*o**2 - o - 2. Let m be v(h). Let f = -36 + m. What is the units digit of f?
8
Let d = 284 + -96. What is the tens digit of d?
8
Suppose 0 = -4*o - 11 + 87. Suppose 0 = o*w - 16*w - 6. Suppose 2*x = j - w*j - 2, 4*x + 5*j + 16 = 0. What is the units digit of x?
1
Let m(z) be the third derivative of -z**6/60 - z**5/15 - z**4/12 + 5*z**2. Let a be m(-2). What is the tens digit of (a - -8)*4/3?
1
Let l = -32 - -65. Let t = l + -35. What is the tens digit of (3 + t)*-1*-12?
1
What is the hundreds digit of 20/(-5) - 1420/(-4)?
3
Suppose 5*d - 4*n + 279 = 0, 2*d - 3*n - n = -114. Let p = -20 - d. What is the units digit of p?
5
What is the hundreds digit of (-561)/34*(-136)/3?
7
What is the tens digit of 22/6*4*8694/72?
7
Suppose -9 = -5*n + 26. Suppose 0 = 3*i - n*i + 4. What is the units digit of (-1 - i)/(20/(-250))?
5
Let j = 33 - 29. Suppose 3*a - j*k - 202 = 0, -4*a + 5*k = -370 + 101. What is the tens digit of a?
6
Suppose 0 = -3*u + 1 - 7, 695 = 5*v + 5*u. Suppose 6*b - 3*b - i = -305, 5*b + 5*i = -495. Let r = b + v. What is the tens digit of r?
4
Let r(u) = 3*u + 52. Let x(z) = -5*z - 105. Let d(n) = -7*r(n) - 3*x(n). What is the tens digit of d(-14)?
3
Suppose -52160 = -14*r - 4756. What is the hundreds digit of r?
3
Let y(f) = 32*f**3 - 3*f**2 + 20*f - 11. What is the units digit of y(5)?
4
Suppose 4*l - 2608 = -i - 3*i, 4*l = -20. What is the tens digit of i?
5
Suppose -12581 = -19*g + 2486. What is the tens digit of g?
9
Let w = 75 - 80. What is the tens digit of (-892)/w - ((-165)/25 - -7)?
7
Suppose -5 = -3*r - 5*o, -2*r = -4*o + 3*o - 25. Suppose -4*m + 5*q + 5 = -21, r = -5*q. Suppose -n + m*n - 48 = 0. What is the tens digit of n?
1
Let u = 31 + -35. Let m be 2 + u/(16/(-124)). Suppose p - m = -0*p. What is the tens digit of p?
3
Suppose -13*m = -10*m - 24. Let n(o) = -10*o + 8. Let p(q) = -q + 1. Let r(f) = n(f) - 12*p(f). What is the tens digit of r(m)?
1
Suppose -2*z = -10*z + 32. Suppose z*m + 6*m = 2740. What is the tens digit of m?
7
Let u(y) = 3*y + 2. Let c = 0 + 6. Let i be u(c). Suppose -i = -4*w - w. What is the units digit of w?
4
What is the units digit of 1838*(-3 - (-21)/6)?
9
Suppose 3*p = 3*v - 258, -p = -4*v - 0*p + 350. What is the tens digit of v?
8
Let g = -145 + 256. Let a = 188 - g. What is the units digit of a?
7
Let a(m) be the second derivative of -m**4/12 - 3*m**3/2 - m**2 + m. Let p = -82 + 77. What is the tens digit of a(p)?
1
Suppose 19*g + 38*g - 157377 = 0. What is the hundreds digit of g?
7
Let t be 2*((-15)/(-2))/5*1. Let d(u) = 5*u**2 + 2*u + 4. What is the units digit of d(t)?
5
Suppose -4*v - v - 15 = 0. Let j(c) be the second derivative of -c**3/2 + 2*c**2 - 22*c. What is the units digit of j(v)?
3
Let q(g) = -5*g**2 + 3*g + 4. Let m be q(3). Let u = 467 - 520. Let c = m - u. What is the units digit of c?
1
Let z = 1 - -5. Let h(t) = -3*t + t**2 + 6*t + z - 14. What is the units digit of h(-6)?
0
Suppose 0 = -21*p + 26*p. Suppose -11*b + 0*b + 957 = p. What is the tens digit of b?
8
What is the thousands digit of (-2)/(-3)*(-235179)/(-42)?
3
Suppose 203 = 9*g - 742. Suppose -3*t - g = -4*l + 92, -t + 111 = 2*l. What is the tens digit of l?
5
Let d(g) = 10*g - 78. Let s be d(8). Suppose 5*y = -15, y + 126 = 3*u + s*y. What is the tens digit of u?
4
Suppose 2*m - 20 = -4*v + m, 4*v = -5*m + 20. Suppose 2*l - 161 = -0*l + v*t, t = -3. What is the tens digit of l?
7
Let z = -24 - -21. Let f be (1/z)/((-1)/(-39)). Let b = 28 + f. What is the tens digit of b?
1
Suppose -2 - 7 = -3*b. Suppose 0 = -5*u + r + 180 - 4, 2*u - 4*r = 74. Suppose b*a - 6*o = -o + 24, 2*a = -3*o + u. What is the units digit of a?
3
Suppose 4*p = 2*m + 7568 - 1528, 5*p - 7565 = -5*m. What is the hundreds digit of p?
5
Let m be (-56)/6 - 32/(-24). Let i(o) = -o**3 - 6*o**2 + 3*o + 10. What is the tens digit of i(m)?
1
Let a(w) = w + 85. What is the units digit of a(-8)?
7
Suppose -2*s + 925 = -541. What is the units digit of s?
3
Let c = 25 - -8. Let g be (-1)/(-1) - 3 - c. What is the tens digit of (-1375)/g + 4/(-14)?
3
Let f = 460 - 19. Suppose -4*i = 3*i - f. What is the units digit of i?
3
Let g = -22 + 43. What is the units digit of g/6*28 - (-8 + 6)?
0
Let m(z) be the third derivative of -z**6/20 - z**5/10 - 7*z**4/24 + 18*z**2. What is the tens digit of m(-2)?
3
Suppose -o = 0, 3*j + j = o. Suppose -3 = 3*t - 4*v, j*t = t + 2*v + 1. What is the tens digit of (t + 3 - 1)*11?
1
Let b(i) = 24*i**2 + 52*i - 262. What is the hundreds digit of b(5)?
5
Let w be 8*((-12)/(-16) + 1). Let x(c) = 2*c**2 - 19*c - 7. What is the units digit of x(w)?
9
What is the tens digit of ((-8799)/(-14) - -3)*4/6?
2
Let i(t) = 2*t. Let m be i(1). Suppose f - 4*o = -o - 45, 100 = -4*f - 4*o. What is the units digit of m*f/(-4) - 2?
3
Let m(a) be the third derivative of -a**4/6 + a**3/6 + a**2. Let x be m(-1). Suppose 0 = -i - x*f + 33, -3*f - f = 3*i - 66. What is the units digit of i?
8
Suppose 5*j = 31 + 174. Suppose 0 = -4*m - 3*m + 35. Suppose m*f - c = 2*c + j, 5*f + 2*c = 31. What is the units digit of f?
7
Let b(x) = 72*x. Let l be b(-2). Let v = 247 + l. What is the tens digit of v?
0
Let x = -1686 + 2950. What is the units digit of x?
4
Let x = 73 + -82. What is the units digit of x/15 + (-624)/(-15)?
1
What is the tens digit of 381820/136 - (-1)/(0 + 2)?
0
Suppose -2*x - 79 = -263. Suppose -2*d - x = -2*r + d, -3*d - 239 = -5*r. What is the tens digit of r?
4
Suppose 0 = -33*h + 4*h + 9164. What is the hundreds digit of h?
3
Suppose 0 = 14*z - 2 - 54. Suppose 68 = z*a - 336. What is the tens digit of a?
0
Let s = -19 + 59. Let k = 79 + s. What is the units digit of k?
9
Suppose -13*a = -0*a + 104. Let f(q) = -q**3 - 9*q**2 - 9*q + 10. What is the units digit of f(a)?
8
Suppose 2 = 5*w + 4*x - 43, x = -2*w + 15. Let n be 14*(w/2 + -2). What is the units digit of 39/2 + n/14?
0
Let m be 78/15 + 5/(-25). Suppose -4 = -2*q, m*q = g + 3*g - 206. What is the units digit of g?
4
Suppose -4*f + 955 = -13. What is the units digit of f?
2
Suppose -60 = 7*c - 3*c. What is the units digit of -1*(10/c + (-741)/9)?
3
Let q(g) = -2*g - 3. Let f be q(-3). Suppose 4*a + 0*x = 4*x + 456, 2*x - 317 = -f*a. What is the units digit of a?
9
Suppose 0 = 7*s - 8*s - 441. Let n = s + 643. What is the hundreds digit of n?
2
Let o(t) be the first derivative of -9*t + 3/2*t**2 - 3. What is the tens digit of o(7)?
1
Suppose -7*k = -3732 - 6761. What is the tens digit of k?
9
Let t(z) = z**3 - 2*z**2 + 2*z - 2. Let x be t(2). Suppose -2*y = 0, -y + 21 - 183 = -x*o. What is the tens digit of o?
8
Let k = 77 - 7. What is the units digit of (-4)/14 + 4500/k?
4
Suppose -2*q + 3 = -5. Suppose 0 = -0*c - q*c + 12. What is the units digit of ((-2)/c)/(3/(-36))?
8
Suppose -220 = 5*p + 40. Let m = p - -88. What is the tens digit of m?
3
Suppose 3*y - 4*n = n + 2, -2*y + 5*n - 7 = 0. Let r be 15*1*y/15. Suppose -29 + r = -b. What is the units digit of b?
0
Let h(q) be the first derivative of q**3/3 - 3*q**2 - 3